 Let i(j) be the second derivative of j**3/2 + 3*j**2/2 - j. Let b be i(-2). Calculate x(b).
2
Let o(z) be the third derivative of -7*z**5/60 + 13*z**4/24 + 2*z**3/3 + 4*z**2. Let s(j) = 3*j**2 - 6*j - 2. Let n(u) = -4*o(u) - 9*s(u). Determine n(-4).
10
Let r(l) = 3*l - 4. Suppose -y = 2*y - 15. Give r(y).
11
Let m(g) = g**2 + g - 1. Let z be (-1 - 0)/(-1 - 0). Let y be (-11)/3 - z/3. Give m(y).
11
Let x(p) = -2*p + 3. Let c be ((-2)/6)/((-2)/(-6)). Let r be ((-1 - 1) + -1)*c. Give x(r).
-3
Let p be 1*(-1)/(1 + -2). Let x be 4/1 - 1 - p. Let c(d) be the third derivative of 5*d**4/24 - d**3/2 - d**2. Give c(x).
7
Let o(u) = u + 3. Suppose -2*v + v + 8 = 0. Suppose -5*a - 17 = v. Give o(a).
-2
Let j(x) be the second derivative of 5/2*x**2 + 1/12*x**4 - 2*x + 0 + 7/6*x**3. Determine j(-5).
-5
Let f(o) = -o**3 - 5*o**2 + 7*o. Let v be 1/2 + (-52)/8. Calculate f(v).
-6
Let n(i) = -i**3 + 3*i**2 - 3*i + 1. Let b be -2 - (3/(-1) + -1). What is n(b)?
-1
Let g(m) be the first derivative of -m**2/2 + 6*m + 7. What is g(6)?
0
Let t be (-11)/2 + (-2)/(-4). Let f(o) = -7*o**2 + 12*o - 7. Let d(v) = 3*v**2 - 6*v + 3. Let q(l) = -9*d(l) - 4*f(l). Give q(t).
-4
Let t(i) = i**3 + 4*i**2 - 6*i - 3. Let l be t(-5). Let m(x) = -1 - 3*x + 2*x - l. Let d = 0 - 2. Calculate m(d).
-1
Let j(x) be the first derivative of 8*x**3/3 + x**2 - x - 63. Determine j(1).
9
Let r(u) = u**2 + u - 1. Let n(f) = 5*f**2 - 3*f - 5. Let a(o) = n(o) - 4*r(o). What is a(7)?
-1
Let a be (-35)/14*12/(-5). Let i(n) = -n**3 + 7*n**2 - 6*n - 5. Give i(a).
-5
Let b(d) be the first derivative of -d**4/4 + 5*d**3/3 - d**2 - 2*d - 9. What is b(5)?
-12
Let z(n) be the second derivative of -n**3/6 - n**2/2 - 27*n. Determine z(5).
-6
Let w be ((-2)/4)/(6/(-84)). Suppose a - w + 3 = 0. Let b(l) be the first derivative of -l**4/4 + 5*l**3/3 - 2*l**2 - 2*l - 2. Calculate b(a).
-2
Let c be 2/(-3)*12/8. Let j = c - -3. Let s(z) = -9*z**3 + 4*z**2 + 7*z + 2. Let g(a) = -5*a**3 + 2*a**2 + 4*a + 1. Let l(y) = -5*g(y) + 3*s(y). What is l(j)?
-5
Let m(y) = -13*y**2 - 5*y - 5. Let n(f) = -f**2 + 2*f**2 - 2*f - 2 - 3*f**2 - 4*f**2. Let s(c) = 4*m(c) - 10*n(c). Determine s(1).
8
Suppose 2 + 4 = -3*i, 5*i = -2*g - 2. Let k(h) = 7*h + 6. Let u(m) = 4*m + 3. Let j(l) = 6*k(l) - 11*u(l). Determine j(g).
-5
Let u = -7 + 10. Suppose -2*x = -u*x. Let q(i) = 5 + i + 0*i - 3. Determine q(x).
2
Let t(c) = 6*c**3 + 6*c**2 - 3*c + 1. Let k(g) = 5*g**3 + 5*g**2 - 3*g + 1. Let l(u) = -5*k(u) + 4*t(u). Determine l(2).
-7
Let c(u) = -2*u**2 + 2. Let x = 28 + -26. Calculate c(x).
-6
Let z(x) = -8*x + 1. Let t(r) = -r**2 - 9*r - 5. Let f be t(-4). Let o be (4/6)/(2/15). Suppose -3*d + o*p = -28, -f = -p + 4*p. Calculate z(d).
-7
Let q(v) = -5*v + 3. Let t(s) = 14*s - 9. Let a(c) = 11*q(c) + 4*t(c). Suppose 2*n = -2 - 4. What is a(n)?
-6
Let s(f) = f**3 - 4*f**2 + 3*f + 4. Let y be s(2). Let m(w) = -w**3 - 2*w**2 + 2*w + 1. Calculate m(y).
-11
Let h(k) = 23*k**2 + 3*k - 45*k**2 + k**3 - 4 + 26*k**2. Determine h(-3).
-4
Let v(q) = 3*q**3 + 14*q**2 - 4*q + 9. Let o(k) = k**3 + 7*k**2 - 2*k + 5. Let h(g) = 5*o(g) - 2*v(g). Determine h(7).
-7
Let d(y) = -y**2 - 7 + 9 + 7*y - 5 + 0. What is d(5)?
7
Let l(n) = -2*n + 0*n - 3 + 1 + 3*n. Calculate l(0).
-2
Let u(i) = i - 9. Let x be u(8). Let m = -2 - x. Let g(p) = 2*p**3 - 1. Let w be g(m). Let j(d) = -d**2 - 4*d + 2. What is j(w)?
5
Let q(z) = -6*z + 1. Suppose -3 = 3*i - 0. Let o be 16/(-4)*i/2. Suppose m + 2*m - o*n - 7 = 0, 0 = 4*m + n - 2. Give q(m).
-5
Let y(f) = f**3 + 0*f**3 + 18 - f**2 - 2*f**2 - 7*f - 20. Calculate y(5).
13
Let b(a) be the first derivative of -a**6/120 + a**5/10 + a**4/24 - a**3/2 - 3*a**2/2 + 3. Let q(r) be the second derivative of b(r). Determine q(6).
3
Let l(s) = 2*s**3 - 5*s**2 - 12*s + 19. Let r(f) = 3*f**3 - 8*f**2 - 18*f + 28. Let y(b) = -7*l(b) + 5*r(b). What is y(6)?
7
Let z(m) = -m**3 - 4*m**2 + m - 5. Suppose 4*y + v + 32 = -2*v, -3*v = 2*y + 22. Give z(y).
15
Let n be 10/(-15) - (-7)/(-3). Suppose -3*h - 9 = a, -17 = a + 4*h - 4. Let o(l) = 2*l**3 + 5*l - 3*l**2 - l**a + 7*l**2 + 4. Give o(n).
-2
Let r(a) = a - 1. Let w be r(5). Let i(n) = -5*n + 0*n - w + 4*n. Let t be (-3)/18 + 29/(-6). What is i(t)?
1
Let d(f) be the first derivative of -f**6/360 + f**5/120 - 2*f**3/3 + 1. Let h(z) be the third derivative of d(z). Calculate h(-2).
-6
Let y(x) = -x**2 - x - 321 + 2*x + 326. Determine y(4).
-7
Let h(t) = -3*t - 7. Let w be h(0). Let j(a) = 0*a**2 - 6*a - a**2 - 1 + 7. Give j(w).
-1
Suppose y = 6*y - 2*g - 21, -3*g - 3 = 2*y. Let t(m) = m**2 - 5*m - 3. Calculate t(y).
-9
Let z(n) = n - 2. Let f be (-9 - -7) + (1 - 0). Let l be -4*(2/(-4))/f. Calculate z(l).
-4
Let g = 14 - 7. Let m = 8 - g. Let u(f) = 2 - f + m + 2 - 6. Determine u(5).
-6
Suppose 0 = 5*i - 7*i + 5*m, -3*i = 4*m. Let x(a) = 4*a - 3*a + i - 1. Calculate x(0).
-1
Let l(c) = 3*c - 6. Let v be l(3). Let f be -3 + 5 - (-2 - 0). Let d(i) = 1 - i + f*i + 0 - i**2. Determine d(v).
1
Let i = 6 - 4. Let h(t) = -1636*t**3 - 3*t**2 - 1 + 1638*t**3 + 3. Give h(i).
6
Let k = -5 + 7. Suppose c - 4 = w - 4*w, 5*w + 4*c - k = 0. Let h(v) = 2*v**3 - 4*v**2 + 2*v. Let f be h(w). Let z(p) = 2*p - 5. What is z(f)?
3
Let d(c) be the third derivative of c**5/60 - c**4/24 - c**3/3 - 6*c**2. Give d(0).
-2
Let r(g) be the second derivative of g**5/5 - g**4/2 - g**3/3 - g**2/2 - 3*g. Let h(x) = -4*x**3 + 5*x**2 + 2*x + 1. Let m(a) = 6*h(a) + 5*r(a). What is m(-1)?
3
Let q(f) be the third derivative of 11*f**5/30 + f**4/12 + f**3/6 - 16*f**2. Determine q(-1).
21
Let o(g) = 5*g + 6. Let d(a) = -a**2 - a + 1. Let j(y) = -d(y) + o(y). Let l be (45 - 9)*1/(-2). Let v = l - -13. Determine j(v).
0
Suppose -v = 3*v - 8. Let w(y) = y**3 - 7*y**2 - 6*y - 8. Let o(h) = h**2 + h + 1. Let t(r) = -6*o(r) - w(r). Calculate t(v).
-2
Let j = -10 + 6. Let d(h) be the first derivative of h**4/4 + 5*h**3/3 + 3*h**2/2 - 5*h + 36. Give d(j).
-1
Let s(d) = d + 5*d - 6*d - 2*d**3 - d**2. Let n be s(-1). Let g(a) = -2*a**2 - 2*a**2 + 4*a**2 + a**2 + n. Calculate g(1).
2
Let j(t) be the first derivative of t**4/2 + 2*t**3/3 - t**2 - 3*t - 8. Calculate j(-2).
-7
Let f(v) = v + 17. Suppose 0 = -d, 0 = -2*y - y + d + 189. Let n be ((-4)/(-6))/((-6)/y). Determine f(n).
10
Let s(a) = a**3 - 4*a**2 + 2*a - 3. Suppose 11*j - 15 - 18 = 0. Give s(j).
-6
Let g(v) = -7*v**2 - 6*v - 9. Let t(r) = -6*r**2 - 5*r - 8. Let i(b) = 5*g(b) - 6*t(b). Let o(k) be the first derivative of i(k). What is o(-3)?
-6
Let m(x) = -6*x**3 - 8*x**2 - 4*x - 8. Let t(f) = 5*f**3 + 7*f**2 + 3*f + 7. Let h(c) = 4*m(c) + 5*t(c). Suppose -5*r - 9 = -2*r. Calculate h(r).
6
Let n(s) = 4 + 3*s + 2*s - 2*s + 3*s + s**2. What is n(-6)?
4
Let j(f) = -f. Let l(h) = 3*h + 1. Let o(m) = 3*j(m) - l(m). What is o(-1)?
5
Let k(c) = c**2 - 12*c + 1. Let i be k(12). Let n(j) = -j**2 - j + 1. Calculate n(i).
-1
Let h(s) be the second derivative of s**4/12 + 5*s**3/6 + 7*s**2/2 + 4*s. Calculate h(-6).
13
Let o(c) = -3*c - 3. Let t(z) = -z**2 + 10 - 8*z + 0*z + z. Let i be t(-8). Let k be 0 - (-1 + i) - 2. Calculate o(k).
6
Let n(c) = -c**3 - 5*c**2 - c - 2. Let s(h) = -h**3 - 4*h**2 - h - 3. Let t(o) = -5*n(o) + 6*s(o). Let i = -5 - -3. Let y be -1 - 1 - (i + 0). Calculate t(y).
-8
Let o(m) be the third derivative of m**6/120 - m**5/12 - 7*m**4/24 - m**3 - 8*m**2. Give o(6).
-12
Let p(y) = y - 4*y**2 + 0*y**2 + 2*y**2 - 2. Calculate p(-2).
-12
Let h(o) = o - 2. Let x = -30 + 32. What is h(x)?
0
Suppose 93 = -q + 4*q. Suppose 5*k - 4*t = 8, 8*t - q = -4*k + 3*t. Let f(z) = 2 + k*z**2 - z - 2. Calculate f(1).
3
Let w(n) = -4*n**2 + 3*n. Suppose -3*q + 4 = -q. What is w(q)?
-10
Let w(d) = -d - 10. Let y = 37 + -18. Let h = -24 + y. What is w(h)?
-5
Let x(f) be the second derivative of -f**5/20 + 5*f**4/12 + 5*f**3/6 + 7*f**2/2 + 45*f. Determine x(6).
1
Let r = 3 - -11. Suppose 3*x - x = r. Let j(s) = -4 + x - 2 + s. Determine j(-3).
-2
Let s(a) = a + 1. Let q be s(-4). Let x(h) = -5*h**3 - h**2 + 3*h - 4. Let i(c) = -11*c**3 - 3*c**2 + 6*c - 9. Let u(y) = 6*i(y) - 13*x(y). Give u(q).
-11
Let u(c) = -c**2 + 9*c + 6. Let p be u(9). Let o(f) = -5*f**2 + 1 + 0*f**2 + 6*f + p*f**2. Determine o(-4).
-7
Suppose -6*u + 9*u - 9 = 0. Let a(h) = 0*h - 4 + 2*h + u*h + 0*h + h**2. Calculate a(-3).